. Let l(j) = -5*k(j) - 8*u(j). Give l(-8).
-19
Let x(v) = v**3 + 2*v**2 - 5*v - 5. Let i(y) = 2*y - 18. Let b be i(7). Determine x(b).
-17
Let n(w) = -7 + 2*w**2 + w**2 + 2 - 4*w - 2*w**2. Suppose 2 = u + 5*m + 12, 0 = m + 3. Give n(u).
0
Let l(r) = r + 1. Let z be l(7). Let k(g) = -g**3 + 8*g**2 - 4. Determine k(z).
-4
Let x(s) = s - 1. Let r(c) = -c**2 - 4*c - 1. Let g(u) = r(u) - x(u). Calculate g(-4).
4
Let a(g) be the third derivative of g**5/60 + g**4/8 - 6*g**2. Determine a(-5).
10
Let f(h) = 0*h**2 - h + 2*h**2 + 8*h**3 - 4*h**3 - 3*h**3. Let a(m) = -m**2 + 6*m + 6. Let k be a(7). Let w = k - -2. What is f(w)?
2
Let c = 9 - 4. Let b(u) be the first derivative of -u**2/2 - u - 26. Calculate b(c).
-6
Let d(b) = 11*b**3 - 4*b**2 - 18*b + 9. Let w(u) be the first derivative of -7*u**4/4 + u**3 + 6*u**2 - 6*u + 3. Let v(f) = 5*d(f) + 8*w(f). Give v(5).
2
Let d be 3 - (0/(-4) - -2). Let w be d/(4/(-1 - -5)). Let j(b) = 2*b. Give j(w).
2
Suppose 5*j + w = 19, 3*w = 4*j - 0*w. Let a(f) = -2 + 1 - j*f**2 + 2*f**2. Let z(s) = -4*s**2 - 4*s - 2. Let i(h) = 6*a(h) - z(h). Give i(3).
-10
Let g = 7 - 7. Suppose g*j + 6 = j. Let h(o) = -o + 4. What is h(j)?
-2
Let b(c) = 5*c**2 - 7*c + 1. Let r(v) = 11*v**2 - 14*v + 2. Let s(n) = -9*b(n) + 4*r(n). What is s(5)?
9
Suppose 5*s = 25, h + 12 = -5*s + 37. Let r(l) = -2*l**2 - 4*l - l**3 + h - 3 - 2*l**2. Give r(-2).
-3
Let f(p) = -p + 8. Let y(h) = 7. Let j(g) = -15. Let d(a) = 4*j(a) + 9*y(a). Let c(q) = 8*d(q) - 3*f(q). What is c(2)?
6
Let s be (-2 - (2 - 5))*0. Suppose s = -2*t - 4*l - 2, 8 = 4*t + l + l. Let y(i) = i + 2. Give y(t).
5
Let p(k) = -k - 4. Let s be p(-5). Suppose -s + 4 = -5*o + 4*x, -3*o = -x - 1. Let q be o*(-1)/((-1)/4). Let r(a) = a**3 - 5*a**2 + 4*a + 5. Determine r(q).
5
Let b(h) = -h + 3. Suppose -t = -0*t. What is b(t)?
3
Let i(t) = t**2. Let o(s) = 10*s**2. Let m(x) = 35*i(x) - 4*o(x). Give m(-1).
-5
Let c(w) = -w**2 - 7*w - 4. Let j(k) = -k**3 + k + 6. Let v be j(0). Let r(o) = o + 2 + 1 - 3*o + v*o. Let l be r(-2). Calculate c(l).
6
Let q be (-4 - 25/(-10))*(-8)/(-6). Let w(u) = u**3 + 2*u**2 - 2*u. Give w(q).
4
Let o(d) = -2*d**2 + 14*d - 5. Let f be o(6). Let r(v) = -v - 4. Give r(f).
-11
Let w(a) = -a**2 + 10*a - 4. Let r(o) = o**2 + 2*o + 1. Let b be r(-4). Give w(b).
5
Suppose -2*j = -4*d, -2*j + 3*d - d = 0. Let w(v) = -v - 2. Calculate w(j).
-2
Suppose 0 = 4*j + j - 20. Let b(i) = -2 + 0*i**2 + 7 - i**2 + 2*i. Give b(j).
-3
Let d(a) = a**2 + 4*a. Let f be d(-3). Let g(n) be the second derivative of -n**4/12 - n**3/3 + 2*n**2 - 107*n. Determine g(f).
1
Let q(z) = -z**2 - 7*z - 1. Let y(m) = -7*m + 37. Let c be y(6). Give q(c).
9
Let d(w) = w**2 + 2*w - 3. Suppose -f - 1 = -16. Suppose -4*p + f - 7 = -4*x, -3*p - 4*x + 6 = 0. Give d(p).
5
Let w(l) = -5*l**3 + l**2. Let a be w(1). Let q(f) = -f**3 - 3*f**2 + 6*f + 4. Let h be q(a). Let y(n) = -n - 2. Determine y(h).
2
Let n(j) = 6*j - 1. Suppose -k + 15 = -3. Suppose 3*r - 5*a = k, 2*r + a + 7 = -2*a. What is n(r)?
5
Let x(z) be the first derivative of 3*z**4/4 - z**3/3 + z + 2. Suppose -2*v = 18 - 16. Calculate x(v).
-3
Let d(b) = -17*b**3 - 2 + 7*b**3 + 8 + 9*b**3 + 7*b**2 - 8*b. Let u(a) = a**2 - 4*a - 6. Let w be u(8). Suppose -5*o + 4 = -w. What is d(o)?
-6
Let m(h) be the second derivative of h**5/20 + 5*h**4/12 - 7*h**3/6 - h**2/2 + 2*h + 16. What is m(-6)?
5
Let v(j) be the second derivative of -j**3/6 + 9*j**2/2 - 53*j. Calculate v(6).
3
Let o(h) = 5*h**2 - 4*h + 3. Let m(c) be the first derivative of 14*c**3/3 - 6*c**2 + 8*c - 1. Let y(w) = -4*m(w) + 11*o(w). Let l = 15 - 11. Calculate y(l).
1
Let j(n) = -2*n**2 + 4*n - 2. Suppose -7 = 3*t - 5*y + 12, -1 = -3*t + y. Give j(t).
-2
Let b(n) = -3*n**2 + n + 1. Let w be (-6)/(-3) + 3 + 0. Let a(i) = -i**2 + 4*i + 5. Let j be a(w). Suppose -p - 3*p + 8 = j. What is b(p)?
-9
Suppose 0 = -b - 4*b - 4*i - 28, 0 = -5*b + i - 43. Let o be (-4)/((-2)/(1*-4)). Let u = o - b. Let p(q) = -q**3 - q**2 + q + 1. Calculate p(u).
1
Let u(p) = -p - 2. Let y be 12/7 - (-4)/14. Suppose f + 1 = -2, f + 5 = d. Let x be y/(-8)*d*6. Calculate u(x).
1
Suppose -3*i - i + 4 = 0, i = 2*j + 9. Let k(r) = 0*r + 3*r + 2 - 2*r. What is k(j)?
-2
Let u(d) = -d**3 + d**2 - 3*d - 2. Suppose 4*s + 5*r = -s - 5, 4*r - 2 = -s. Give u(s).
16
Let d(x) = x**2 - 15*x - 20. Let f(t) = -2*t**3 + 2*t**2 + 4*t. Let q be f(-2). What is d(q)?
-4
Let y(j) be the first derivative of 2/3*j**3 - 3/2*j**2 - 2 - j. Give y(3).
8
Let k = 17 + -10. Let o be 44/k + (-2)/7. Let f(z) = -2*z - o - 3*z + 7*z. What is f(5)?
4
Let m(z) = -1 - 2 + 5 + 2*z. Let k(w) = w + 1. Let b(x) = -3*k(x) + m(x). Give b(0).
-1
Let i(x) = -x**2 + x - 1. Let p(u) = -7*u**2 + 2*u - 7. Let d(w) = 6*i(w) - p(w). What is d(-4)?
1
Let a(n) = n**2 + 9*n + 5. Let l be (8/2)/(2/(-4)). Calculate a(l).
-3
Let b(a) = a**3 - 33*a**2 + 30*a + 59. Let y be b(32). Let k(u) = -u**2 - 6*u + 1. Give k(y).
6
Let i = -4 + 9. Let w(z) = z - i + 0*z + 2. Suppose -f + 15 = -6*f. Give w(f).
-6
Let s(h) be the first derivative of -2*h**2 - 4*h + 19. What is s(-3)?
8
Suppose 0 = 2*h + 2*v - 10, -v + 11 = 3*h + h. Let i(f) = 4 - h*f + 6 - 3. Let w(k) = -3*k + 13. Let b(a) = 11*i(a) - 6*w(a). Determine b(-2).
7
Let q(j) = -j + 2. Let s(v) = 4*v - 10. Let t(g) = 14*q(g) + 3*s(g). Suppose -11 = 5*p + 9. Let f = p - -2. Give t(f).
2
Suppose 0 = -5*j + 8*j. Let f(d) = -d**3 - d**2 + d - 11. Determine f(j).
-11
Let q(h) = 11*h**2. Suppose 4*z = 3*s - 9, -4 = 5*s - 5*z - 14. Determine q(s).
11
Let d(v) = -v**2 + 2*v**2 + 3*v**3 - 4*v**3 + 2*v + 2*v**2. What is d(3)?
6
Let o be (0/1)/(0 - 2). Suppose 2*p + 4*c = -4, -5*p - c + 0 + 8 = 0. Let r(d) = -2*d**p + d - 7 + d**2 + 2*d**2. Determine r(o).
-7
Let k(y) be the first derivative of -y**3/3 + 2*y**2 - y - 2. Determine k(3).
2
Let w be 25/2 - 3/(-6). Let v = w + -18. Let a(l) = -l - 11. Determine a(v).
-6
Let m(o) be the second derivative of -o**3/2 - 9*o**2/2 - 6*o. Let t(s) = s + 4. Let q(u) = 2*m(u) + 5*t(u). Determine q(1).
1
Let m(h) = 3*h + 2. Let q be (-9)/2*2/3. Calculate m(q).
-7
Let z(o) = -2*o - 2. Suppose -3*g - 2*g = -10. Suppose 0 = -4*v + 4*a, -g*v - 2*a = 3*a. Suppose v = -i - 2*i + 3*w - 12, 3*i = -4*w - 12. Calculate z(i).
6
Let q be (-2)/(-3) + 36/27. Let z(l) = l - 7*l + 4 - l**3 + 0*l**2 + 5*l**q. Give z(4).
-4
Suppose 5*b - 3*a + 8 = 1, 3*a - 3 = 3*b. Let k be (4 - 2)*-1*b. Suppose k*n - 12 = n. Let w(f) = f + 4. Give w(n).
8
Let x(c) be the second derivative of -c**4/12 + 3*c**3/2 - 6*c**2 + 10*c. Give x(8).
-4
Let i = -16 + 22. Let y(o) = -15*o**3 + 15*o**2 - 2*o + 15. Let c(x) = -8*x**3 + 8*x**2 - x + 8. Let u(k) = i*y(k) - 11*c(k). Calculate u(2).
-8
Let j(q) = -q + 13. Let p(o) = o - 13. Let z(w) = 5*j(w) + 6*p(w). Let b be z(13). Let u(k) = 4 - 2 + k**3 + k + 2 + k**2. Give u(b).
4
Let u(m) = -5*m**2 - 3*m + 4*m**2 + 5*m - m. Calculate u(1).
0
Let o(l) = l + 4. Let c be o(0). Let t(v) = -v - c*v + 3*v + 2 + v. Calculate t(2).
0
Let w be 4/10 - 26/(-10). Let r be -2 - -2 - (w - 3). Let b(x) be the third derivative of x**4/24 + x**3/6 + x**2. What is b(r)?
1
Let y(i) = i**2 - 2 - 6*i + i + 0*i**2. Let z = -11 + 16. Let l be y(z). Let k(g) = 2*g. Determine k(l).
-4
Let y(n) = 3*n**2 + n - 1. Let a(d) = 2*d**2. Let f(x) = 4*a(x) - 3*y(x). Let h = 30 + -33. Calculate f(h).
3
Let h = -4 + 3. Let y = 2 - h. Let b(u) = 3*u + 1 - 3*u - 3*u. What is b(y)?
-8
Let o = -20 - -17. Let a(i) = -2*i**3 + 4*i**2 - 7*i + 2. Let m(w) = -w**3 + 3*w**2 - 6*w + 1. Let s(h) = 2*a(h) - 3*m(h). Determine s(o).
7
Let x(f) = -f**3 + f**2 + f - 18. Let o(h) = 4*h + 24. Let w be o(-6). Give x(w).
-18
Let a(q) = -3*q + 2. Let b = -8 + 11. Suppose -b*w = 3 + 3. Give a(w).
8
Let z(g) = 2*g - 7. Suppose -3*k = 4*x - 30, 3*x - 2*x - 27 = -4*k. Calculate z(k).
5
Let f(k) be the first derivative of -2*k**2 - 2 + 4/3*k**3 - 1/4*k**4 + 3*k. Let o be f(3). Let p(a) = -a - 1. Give p(o).
-1
Let x(s) = s + 3. Suppose 4*u + 3*m = -6, 2*u = -2*m - 5 + 3. Calculate x(u).
0
Let w(y) = -13*y**3 - 3*y**2 + 8*y + 21. Let x(z) = -3*z**3 - z**2 + 2*z + 5. Let n(g) = 2*w(g) - 9*x(g). What is n(-2)?
5
Suppose 0 = 2*t - 3*l + 12, 4*l - 6 = -5*t + 10. Let h(z) = 10*z**2 + t*z - 9*z**2 - 2*z. What is h(3)?
3
Suppose 0*b = 5*g + b + 19, 3*g + 13 = b. L